{"id":1067,"date":"2015-03-05T09:51:41","date_gmt":"2015-03-05T09:51:41","guid":{"rendered":"http:\/\/www.lingua.si\/2015\/?page_id=1067"},"modified":"2015-03-05T09:51:48","modified_gmt":"2015-03-05T09:51:48","slug":"poskodovano-blago","status":"publish","type":"page","link":"https:\/\/www.lingua.si\/2015\/shop\/poskodovano-blago\/","title":{"rendered":"Po\u0161kodovano blago"},"content":{"rendered":"<p>Blago se smatra kot po\u0161kodovano\/nepravilno\/z napako, kadar:<br \/>\n&#8211; artikel nima lastnosti, ki so potrebne za njegovo normalno rabo ali za promet<br \/>\n&#8211; artikel nima lastnosti, ki so potrebne za posebno rabo, za katero jo kupec kupuje, ki pa je bila prodajalcu znana oziroma bi mu morala biti znana<br \/>\n&#8211; artikel nima lastnosti in odlik, ki so bile izrecno ali mol\u010de dogovorjene oziroma predpisane<br \/>\n&#8211; je ponudnik izro\u010dil artikel, ki se ne ujema z vzorcem ali modelom, razen \u010de je bil vzorec ali model pokazan le zaradi obvestila.<\/p>\n<p>&nbsp;<\/p>\n<h2>Kako se preverja primernost artikla?<\/h2>\n<p>Preverja se z drugim, brezhibnim artiklom enake vrste, hkrati pa tudi z izjavami proizvajalca oziroma navedbami na samem artiklu.<\/p>\n<p>Kupec nas mora o morebitni napaki skupaj z natan\u010dnim opisom le-te \u00a0na lastne stro\u0161ke obvestiti v zakonsko dolo\u010denem roku in nam hkrati omogo\u010diti pregled artikla.<\/p>\n<p>Pravico do uveljavljanja napake na artiklu natan\u010dneje urejajo dolo\u010dila zakona o varstvu potro\u0161nikov.<\/p>\n","protected":false},"excerpt":{"rendered":"Blago se smatra kot po\u0161kodovano\/nepravilno\/z napako, kadar: &#8211; artikel nima lastnosti, ki so potrebne za njegovo normalno rabo ali za promet &#8211; artikel nima lastnosti, ki so potrebne za posebno rabo, za katero jo kupec kupuje, ki pa je bila prodajalcu znana oziroma bi mu morala biti znana &#8211; artikel nima lastnosti in odlik, ki[&#8230;]","protected":false},"author":1,"featured_media":0,"parent":709,"menu_order":0,"comment_status":"closed","ping_status":"closed","template":"","meta":[],"_links":{"self":[{"href":"https:\/\/www.lingua.si\/2015\/wp-json\/wp\/v2\/pages\/1067"}],"collection":[{"href":"https:\/\/www.lingua.si\/2015\/wp-json\/wp\/v2\/pages"}],"about":[{"href":"https:\/\/www.lingua.si\/2015\/wp-json\/wp\/v2\/types\/page"}],"author":[{"embeddable":true,"href":"https:\/\/www.lingua.si\/2015\/wp-json\/wp\/v2\/users\/1"}],"replies":[{"embeddable":true,"href":"https:\/\/www.lingua.si\/2015\/wp-json\/wp\/v2\/comments?post=1067"}],"version-history":[{"count":1,"href":"https:\/\/www.lingua.si\/2015\/wp-json\/wp\/v2\/pages\/1067\/revisions"}],"predecessor-version":[{"id":1068,"href":"https:\/\/www.lingua.si\/2015\/wp-json\/wp\/v2\/pages\/1067\/revisions\/1068"}],"up":[{"embeddable":true,"href":"https:\/\/www.lingua.si\/2015\/wp-json\/wp\/v2\/pages\/709"}],"wp:attachment":[{"href":"https:\/\/www.lingua.si\/2015\/wp-json\/wp\/v2\/media?parent=1067"}],"curies":[{"name":"wp","href":"https:\/\/api.w.org\/{rel}","templated":true}]}}