{"id":1092,"date":"2015-03-05T10:12:53","date_gmt":"2015-03-05T10:12:53","guid":{"rendered":"http:\/\/www.lingua.si\/2015\/?page_id=1092"},"modified":"2015-03-05T10:12:57","modified_gmt":"2015-03-05T10:12:57","slug":"odstop-od-narocila","status":"publish","type":"page","link":"https:\/\/www.lingua.si\/2015\/shop\/odstop-od-narocila\/","title":{"rendered":"Odstop od naro\u010dila"},"content":{"rendered":"<p><strong>Kupec lahko prekli\u010de naro\u010dilo v roku 2-eh ur po oddaji naro\u010dila po elektronski po\u0161ti ali telefonu.<\/strong> V elektronskem sporo\u010dilu mora obvezno navesti naslednje podatke:<br \/>\nV naslovu sporo\u010dila: Preklic naro\u010dila<br \/>\nV vsebini sporo\u010dila:<br \/>\n1. \u0161tevilka naro\u010dila<br \/>\n2. ime in priimek kupca<br \/>\n3. naslov kupca<\/p>\n<p>V skladu z zakonom o varstvu potro\u0161nikov (ZVPot) lahko stranka v 15-ih dneh od prevzema izdelka ponudniku sporo\u010di, po elektronski po\u0161ti ali po telefonu, da odstopa od pogodbe ali naro\u010dila, ne da bi mu bilo treba navesti razlog za svojo odlo\u010ditev. Edini stro\u0161ek, ki bremeni kupca v zvezi z odstopom od pogodbe, je neposreden stro\u0161ek vra\u010dila blaga (stro\u0161ek po\u0161tnine pla\u010da kupec). Blago mora potro\u0161nik vrniti prodajalcu najkasneje v 30 dneh po sporo\u010dilu o odstopu. Priporo\u010damo, da kupec ponudnika pred vra\u010dilom obvesti in se s ponudnikom dogovori za najbolj\u0161i na\u010din izvedbe vra\u010dila.<\/p>\n<p>Po\u0161iljk z odkupnino ponudnik ne sprejema.<\/p>\n<p>&nbsp;<\/p>\n<p><strong>POZOR! Mo\u017enost odstopa od pogodbe NE velja za pravne osebe, iz dolo\u010dila &#8220;Pravne osebe&#8221; spletne trgovine in uporabniki iz Splo\u0161nih pogojev poslovanja.<\/strong><\/p>\n<p>Kupec, ki od pogodbe ali naro\u010dila odstopi, mora blago vrniti nepo\u0161kodovano v originalni embala\u017ei in v nespremenjeni koli\u010dini. V primeru, da je ugotovljeno, da je nastala fizi\u010dna po\u0161kodba na blagu, da se koli\u010dina ne ujema je kupec dol\u017ean poravnati nastalo \u0161kodo.<\/p>\n<p>&nbsp;<\/p>\n<p>Odstop od pogodbe ne pride v po\u0161tev v naslednjih primerih: &#8211; \u010de je blago po\u0161kodovano, umazano ali pa so vidni sledovi uporabe (fizi\u010dne po\u0161kodbe, stik s teko\u010dino) &#8211; v kolikor je uni\u010dena, umazana ali mankajo\u010da dodatna oprema, navodila, garancijski list &#8211; v primeru, da pride do po\u0161kodbe ali uni\u010denje embala\u017ee se vrednost blaga zni\u017ea. Vsako embala\u017eo je mogo\u010de lepo odpreti, tako da ni vidnih posledic odprtja. Za po\u0161kodovano embala\u017eo (raztrgana embala\u017ea, neprimerno zapakiran paket) lahko ponudnik zara\u010duna od\u0161kodnino do vi\u0161ine 20% vrednosti blaga.<\/p>\n<p>Ponudnik bo vsak vrnjen paket, vsebino in izdelek poslikal s fotoaparatom kot morebitno dokazilo o nastali \u0161kodi.<\/p>\n","protected":false},"excerpt":{"rendered":"Kupec lahko prekli\u010de naro\u010dilo v roku 2-eh ur po oddaji naro\u010dila po elektronski po\u0161ti ali telefonu. V elektronskem sporo\u010dilu mora obvezno navesti naslednje podatke: V naslovu sporo\u010dila: Preklic naro\u010dila V vsebini sporo\u010dila: 1. \u0161tevilka naro\u010dila 2. ime in priimek kupca 3. naslov kupca V skladu z zakonom o varstvu potro\u0161nikov (ZVPot) lahko stranka v 15-ih[&#8230;]","protected":false},"author":1,"featured_media":0,"parent":709,"menu_order":0,"comment_status":"closed","ping_status":"closed","template":"","meta":[],"_links":{"self":[{"href":"https:\/\/www.lingua.si\/2015\/wp-json\/wp\/v2\/pages\/1092"}],"collection":[{"href":"https:\/\/www.lingua.si\/2015\/wp-json\/wp\/v2\/pages"}],"about":[{"href":"https:\/\/www.lingua.si\/2015\/wp-json\/wp\/v2\/types\/page"}],"author":[{"embeddable":true,"href":"https:\/\/www.lingua.si\/2015\/wp-json\/wp\/v2\/users\/1"}],"replies":[{"embeddable":true,"href":"https:\/\/www.lingua.si\/2015\/wp-json\/wp\/v2\/comments?post=1092"}],"version-history":[{"count":1,"href":"https:\/\/www.lingua.si\/2015\/wp-json\/wp\/v2\/pages\/1092\/revisions"}],"predecessor-version":[{"id":1093,"href":"https:\/\/www.lingua.si\/2015\/wp-json\/wp\/v2\/pages\/1092\/revisions\/1093"}],"up":[{"embeddable":true,"href":"https:\/\/www.lingua.si\/2015\/wp-json\/wp\/v2\/pages\/709"}],"wp:attachment":[{"href":"https:\/\/www.lingua.si\/2015\/wp-json\/wp\/v2\/media?parent=1092"}],"curies":[{"name":"wp","href":"https:\/\/api.w.org\/{rel}","templated":true}]}}