{"id":1331,"date":"2016-04-12T15:14:52","date_gmt":"2016-04-12T15:14:52","guid":{"rendered":"http:\/\/www.lingua.si\/2015\/izdelek\/tiptoes-3-prirocnik-za-ucitelja\/"},"modified":"2017-04-06T08:16:44","modified_gmt":"2017-04-06T08:16:44","slug":"tiptoes-3-prirocnik-za-ucitelja","status":"publish","type":"product","link":"https:\/\/www.lingua.si\/2015\/izdelek\/tiptoes-3-prirocnik-za-ucitelja\/","title":{"rendered":"Tiptoes 3 \u2013 priro\u010dnik za u\u010ditelja"},"content":{"rendered":"<p>Angle\u0161\u010dina za 3. razred osnovne \u0161ole<\/p>\n<p>Priro\u010dnik za u\u010ditelja<\/p>\n<p>\u0160tevilo strani: 76<\/p>\n<p>Velikost: A4<\/p>\n<p>Dimenzije: 21 X 29,6X 0,5 cm<\/p>\n<p>Te\u017ea: 180 g<\/p>\n<p>ISBN: 978-961-93873-3-7, 284662272<\/p>\n<p>&nbsp;<\/p>\n<p><strong>Lidia Napotnik<\/strong><\/p>\n<p><strong>TIPTOES priro\u010dnik za u\u010ditelja<\/strong><\/p>\n<p><strong>angle\u0161\u010dina za 3. razred osnovne \u0161ole \u00a0\u00a0<\/strong><\/p>\n<ul>\n<li>70\u00a0 zanimivih in pestrih ur<\/li>\n<li>popolna priprava na posamezno uro<\/li>\n<li>medpredmetne povezave in operativni cilji<\/li>\n<li>u\u010denje angle\u0161\u010dine\u00a0 v u\u010dilnici ali na igri\u0161\u010du<\/li>\n<li>zanimive igre, zgodbe, dialogi, pesmi in deklamacije<\/li>\n<li>4 ponovitve\u00a0 in 4 testi<\/li>\n<\/ul>\n<p><strong>Recenzija in priporo\u010dilo za uporabo dr. Janez Skela in dr. Zlatka Cugmas<\/strong><\/p>\n","protected":false},"excerpt":{"rendered":"Angle\u0161\u010dina za 3. razred osnovne \u0161ole Priro\u010dnik za u\u010ditelja \u0160tevilo strani: 76 Velikost: A4 Dimenzije: 21 X 29,6X 0,5 cm Te\u017ea: 180 g ISBN: 978-961-93873-3-7, 284662272 &nbsp; Lidia Napotnik TIPTOES priro\u010dnik za u\u010ditelja angle\u0161\u010dina za 3. razred osnovne \u0161ole \u00a0\u00a0 70\u00a0 zanimivih in pestrih ur popolna priprava na posamezno uro medpredmetne povezave in operativni cilji[&#8230;]","protected":false},"featured_media":1632,"template":"","meta":[],"product_cat":[39],"product_tag":[],"_links":{"self":[{"href":"https:\/\/www.lingua.si\/2015\/wp-json\/wp\/v2\/product\/1331"}],"collection":[{"href":"https:\/\/www.lingua.si\/2015\/wp-json\/wp\/v2\/product"}],"about":[{"href":"https:\/\/www.lingua.si\/2015\/wp-json\/wp\/v2\/types\/product"}],"wp:featuredmedia":[{"embeddable":true,"href":"https:\/\/www.lingua.si\/2015\/wp-json\/wp\/v2\/media\/1632"}],"wp:attachment":[{"href":"https:\/\/www.lingua.si\/2015\/wp-json\/wp\/v2\/media?parent=1331"}],"wp:term":[{"taxonomy":"product_cat","embeddable":true,"href":"https:\/\/www.lingua.si\/2015\/wp-json\/wp\/v2\/product_cat?post=1331"},{"taxonomy":"product_tag","embeddable":true,"href":"https:\/\/www.lingua.si\/2015\/wp-json\/wp\/v2\/product_tag?post=1331"}],"curies":[{"name":"wp","href":"https:\/\/api.w.org\/{rel}","templated":true}]}}